{"id":5290,"date":"2016-01-27T14:37:43","date_gmt":"2016-01-27T13:37:43","guid":{"rendered":"https:\/\/www.goodmood.it\/product\/l-aquila-e-la-spada-parte-1-l-inizio-della-fine-2\/"},"modified":"2021-09-30T11:59:22","modified_gmt":"2021-09-30T09:59:22","slug":"l-aquila-e-la-spada-parte-1-l-inizio-della-fine-2","status":"publish","type":"product","link":"https:\/\/www.goodmood.it\/prodotto\/l-aquila-e-la-spada-parte-1-l-inizio-della-fine-2\/","title":{"rendered":"L&#8217;Aquila e la Spada. Parte 1 &#8211; L&#8217;Inizio della Fine"},"content":{"rendered":"<p>378 dopo Cristo: sulla piana di Adrianopoli, in Tracia (non lontano dalle rive sud occidentali del Mar Nero), i barbari Goti infliggono ai Romani una terribile disfatta che &#8211; secondo la maggioranza degli storici &#8211; dar\u00e0 inizio alla fine dell&#8217;Impero Romano d&#8217;Occidente. Uno dei pochi sopravvissuti sar\u00e0 il Dux Moesiae Secundae Magno Clemente Massimo, il protagonista di questo romanzo. L&#8217;Imperatore Graziano decider\u00e0, allora, di comandarlo in Britannia come Governatore: qui, il nostro eroe incontrer\u00e0 l&#8217;Arcidruido Taliesin e avr\u00e0 i primi contatti con il &#8220;mondo sottile&#8221; dei Celti, con visioni, momenti misterici e con qualcosa di tanto stupefacente che un generale di Roma mai avrebbe pensato di affrontare. In questo Audiobook, la bellissima voce dell\u2019autore di questo coinvolgente romanzo, legge la sua opera pi\u00f9 conosciuta.<\/p>\n","protected":false},"excerpt":{"rendered":"<p>378 dopo Cristo: sulla piana di Adrianopoli, in Tracia (non lontano dalle rive sud occidentali del Mar Nero), i barbari Goti infliggono ai Romani una terribile disfatta che &#8211; secondo la maggioranza degli storici &#8211; dar\u00e0 inizio alla fine dell&#8217;Impero Romano d&#8217;Occidente.<\/p>\n","protected":false},"featured_media":5288,"comment_status":"open","ping_status":"closed","template":"","meta":{"_acf_changed":false},"product_brand":[],"product_cat":[8,49],"product_tag":[],"class_list":{"0":"post-5290","1":"product","2":"type-product","3":"status-publish","4":"has-post-thumbnail","6":"audiobook-generi","7":"audiobook-laquila-e-la-spada","8":"audiobook-narrativa-moderna-1","9":"actors-alvaro-gradella","10":"authors-alvaro-gradella-1","11":"publishers-goodmood","12":"distribution_channels-amazon","13":"distribution_channels-google","14":"distribution_channels-macrolibrarsi","15":"distribution_channels-narratore","16":"goodadd_promo-coni-audiobook","17":"goodadd_promo-reward-audiobook","18":"goodadd_promo-stardust-audiobook","19":"home-nuovi-audiobook","20":"product_cat-audio-editing-e-sound-design","21":"product_cat-dario-barollo","23":"first","24":"instock","25":"downloadable","26":"virtual","27":"taxable","28":"purchasable","29":"product-type-simple"},"acf":[],"yoast_head":"<!-- This site is optimized with the Yoast SEO plugin v27.3 - https:\/\/yoast.com\/product\/yoast-seo-wordpress\/ -->\n<title>L&#039;Aquila e la Spada. Parte 1 - L&#039;Inizio della Fine - GOODmood<\/title>\n<meta name=\"robots\" content=\"index, follow, max-snippet:-1, max-image-preview:large, max-video-preview:-1\" \/>\n<link rel=\"canonical\" href=\"https:\/\/www.goodmood.it\/prodotto\/l-aquila-e-la-spada-parte-1-l-inizio-della-fine-2\/\" \/>\n<meta property=\"og:locale\" content=\"it_IT\" \/>\n<meta property=\"og:type\" content=\"article\" \/>\n<meta property=\"og:title\" content=\"L&#039;Aquila e la Spada. Parte 1 - L&#039;Inizio della Fine - GOODmood\" \/>\n<meta property=\"og:description\" content=\"378 dopo Cristo: sulla piana di Adrianopoli, in Tracia (non lontano dalle rive sud occidentali del Mar Nero), i barbari Goti infliggono ai Romani una terribile disfatta che - secondo la maggioranza degli storici - dar\u00e0 inizio alla fine dell&#039;Impero Romano d&#039;Occidente.\" \/>\n<meta property=\"og:url\" content=\"https:\/\/www.goodmood.it\/prodotto\/l-aquila-e-la-spada-parte-1-l-inizio-della-fine-2\/\" \/>\n<meta property=\"og:site_name\" content=\"GOODmood\" \/>\n<meta property=\"article:publisher\" content=\"https:\/\/www.facebook.com\/GOODmood.editore\/\" \/>\n<meta property=\"article:modified_time\" content=\"2021-09-30T09:59:22+00:00\" \/>\n<meta property=\"og:image\" content=\"https:\/\/static.goodmood.it\/assets\/uploads\/2016\/01\/l_aquila_e_la_spada.jpg\" \/>\n\t<meta property=\"og:image:width\" content=\"2400\" \/>\n\t<meta property=\"og:image:height\" content=\"2400\" \/>\n\t<meta property=\"og:image:type\" content=\"image\/jpeg\" \/>\n<meta name=\"twitter:card\" content=\"summary_large_image\" \/>\n<meta name=\"twitter:site\" content=\"@Gm_Audiolibri\" \/>\n<meta name=\"twitter:label1\" content=\"Tempo di lettura stimato\" \/>\n\t<meta name=\"twitter:data1\" content=\"1 minuto\" \/>\n<script type=\"application\/ld+json\" class=\"yoast-schema-graph\">{\"@context\":\"https:\\\/\\\/schema.org\",\"@graph\":[{\"@type\":\"WebPage\",\"@id\":\"https:\\\/\\\/www.goodmood.it\\\/prodotto\\\/l-aquila-e-la-spada-parte-1-l-inizio-della-fine-2\\\/\",\"url\":\"https:\\\/\\\/www.goodmood.it\\\/prodotto\\\/l-aquila-e-la-spada-parte-1-l-inizio-della-fine-2\\\/\",\"name\":\"L'Aquila e la Spada. Parte 1 - L'Inizio della Fine - GOODmood\",\"isPartOf\":{\"@id\":\"https:\\\/\\\/www.goodmood.it\\\/#website\"},\"primaryImageOfPage\":{\"@id\":\"https:\\\/\\\/www.goodmood.it\\\/prodotto\\\/l-aquila-e-la-spada-parte-1-l-inizio-della-fine-2\\\/#primaryimage\"},\"image\":{\"@id\":\"https:\\\/\\\/www.goodmood.it\\\/prodotto\\\/l-aquila-e-la-spada-parte-1-l-inizio-della-fine-2\\\/#primaryimage\"},\"thumbnailUrl\":\"https:\\\/\\\/static.goodmood.it\\\/assets\\\/uploads\\\/2016\\\/01\\\/l_aquila_e_la_spada.jpg\",\"datePublished\":\"2016-01-27T13:37:43+00:00\",\"dateModified\":\"2021-09-30T09:59:22+00:00\",\"breadcrumb\":{\"@id\":\"https:\\\/\\\/www.goodmood.it\\\/prodotto\\\/l-aquila-e-la-spada-parte-1-l-inizio-della-fine-2\\\/#breadcrumb\"},\"inLanguage\":\"it-IT\",\"potentialAction\":[{\"@type\":\"ReadAction\",\"target\":[\"https:\\\/\\\/www.goodmood.it\\\/prodotto\\\/l-aquila-e-la-spada-parte-1-l-inizio-della-fine-2\\\/\"]}]},{\"@type\":\"ImageObject\",\"inLanguage\":\"it-IT\",\"@id\":\"https:\\\/\\\/www.goodmood.it\\\/prodotto\\\/l-aquila-e-la-spada-parte-1-l-inizio-della-fine-2\\\/#primaryimage\",\"url\":\"https:\\\/\\\/static.goodmood.it\\\/assets\\\/uploads\\\/2016\\\/01\\\/l_aquila_e_la_spada.jpg\",\"contentUrl\":\"https:\\\/\\\/static.goodmood.it\\\/assets\\\/uploads\\\/2016\\\/01\\\/l_aquila_e_la_spada.jpg\",\"width\":2400,\"height\":2400,\"caption\":\"L'Aquila e la Spada. Parte 1 - L'Inizio della Fine-0\"},{\"@type\":\"BreadcrumbList\",\"@id\":\"https:\\\/\\\/www.goodmood.it\\\/prodotto\\\/l-aquila-e-la-spada-parte-1-l-inizio-della-fine-2\\\/#breadcrumb\",\"itemListElement\":[{\"@type\":\"ListItem\",\"position\":1,\"name\":\"Home\",\"item\":\"https:\\\/\\\/www.goodmood.it\\\/\"},{\"@type\":\"ListItem\",\"position\":2,\"name\":\"Shop\",\"item\":\"https:\\\/\\\/www.goodmood.it\\\/shop\\\/\"},{\"@type\":\"ListItem\",\"position\":3,\"name\":\"L&#8217;Aquila e la Spada. Parte 1 &#8211; L&#8217;Inizio della Fine\"}]},{\"@type\":\"WebSite\",\"@id\":\"https:\\\/\\\/www.goodmood.it\\\/#website\",\"url\":\"https:\\\/\\\/www.goodmood.it\\\/\",\"name\":\"GOODmood\",\"description\":\"Digital Publishing\",\"potentialAction\":[{\"@type\":\"SearchAction\",\"target\":{\"@type\":\"EntryPoint\",\"urlTemplate\":\"https:\\\/\\\/www.goodmood.it\\\/?s={search_term_string}\"},\"query-input\":{\"@type\":\"PropertyValueSpecification\",\"valueRequired\":true,\"valueName\":\"search_term_string\"}}],\"inLanguage\":\"it-IT\"}]}<\/script>\n<!-- \/ Yoast SEO plugin. -->","yoast_head_json":{"title":"L'Aquila e la Spada. Parte 1 - L'Inizio della Fine - GOODmood","robots":{"index":"index","follow":"follow","max-snippet":"max-snippet:-1","max-image-preview":"max-image-preview:large","max-video-preview":"max-video-preview:-1"},"canonical":"https:\/\/www.goodmood.it\/prodotto\/l-aquila-e-la-spada-parte-1-l-inizio-della-fine-2\/","og_locale":"it_IT","og_type":"article","og_title":"L'Aquila e la Spada. Parte 1 - L'Inizio della Fine - GOODmood","og_description":"378 dopo Cristo: sulla piana di Adrianopoli, in Tracia (non lontano dalle rive sud occidentali del Mar Nero), i barbari Goti infliggono ai Romani una terribile disfatta che - secondo la maggioranza degli storici - dar\u00e0 inizio alla fine dell'Impero Romano d'Occidente.","og_url":"https:\/\/www.goodmood.it\/prodotto\/l-aquila-e-la-spada-parte-1-l-inizio-della-fine-2\/","og_site_name":"GOODmood","article_publisher":"https:\/\/www.facebook.com\/GOODmood.editore\/","article_modified_time":"2021-09-30T09:59:22+00:00","og_image":[{"width":2400,"height":2400,"url":"https:\/\/static.goodmood.it\/assets\/uploads\/2016\/01\/l_aquila_e_la_spada.jpg","type":"image\/jpeg"}],"twitter_card":"summary_large_image","twitter_site":"@Gm_Audiolibri","twitter_misc":{"Tempo di lettura stimato":"1 minuto"},"schema":{"@context":"https:\/\/schema.org","@graph":[{"@type":"WebPage","@id":"https:\/\/www.goodmood.it\/prodotto\/l-aquila-e-la-spada-parte-1-l-inizio-della-fine-2\/","url":"https:\/\/www.goodmood.it\/prodotto\/l-aquila-e-la-spada-parte-1-l-inizio-della-fine-2\/","name":"L'Aquila e la Spada. Parte 1 - L'Inizio della Fine - GOODmood","isPartOf":{"@id":"https:\/\/www.goodmood.it\/#website"},"primaryImageOfPage":{"@id":"https:\/\/www.goodmood.it\/prodotto\/l-aquila-e-la-spada-parte-1-l-inizio-della-fine-2\/#primaryimage"},"image":{"@id":"https:\/\/www.goodmood.it\/prodotto\/l-aquila-e-la-spada-parte-1-l-inizio-della-fine-2\/#primaryimage"},"thumbnailUrl":"https:\/\/static.goodmood.it\/assets\/uploads\/2016\/01\/l_aquila_e_la_spada.jpg","datePublished":"2016-01-27T13:37:43+00:00","dateModified":"2021-09-30T09:59:22+00:00","breadcrumb":{"@id":"https:\/\/www.goodmood.it\/prodotto\/l-aquila-e-la-spada-parte-1-l-inizio-della-fine-2\/#breadcrumb"},"inLanguage":"it-IT","potentialAction":[{"@type":"ReadAction","target":["https:\/\/www.goodmood.it\/prodotto\/l-aquila-e-la-spada-parte-1-l-inizio-della-fine-2\/"]}]},{"@type":"ImageObject","inLanguage":"it-IT","@id":"https:\/\/www.goodmood.it\/prodotto\/l-aquila-e-la-spada-parte-1-l-inizio-della-fine-2\/#primaryimage","url":"https:\/\/static.goodmood.it\/assets\/uploads\/2016\/01\/l_aquila_e_la_spada.jpg","contentUrl":"https:\/\/static.goodmood.it\/assets\/uploads\/2016\/01\/l_aquila_e_la_spada.jpg","width":2400,"height":2400,"caption":"L'Aquila e la Spada. Parte 1 - L'Inizio della Fine-0"},{"@type":"BreadcrumbList","@id":"https:\/\/www.goodmood.it\/prodotto\/l-aquila-e-la-spada-parte-1-l-inizio-della-fine-2\/#breadcrumb","itemListElement":[{"@type":"ListItem","position":1,"name":"Home","item":"https:\/\/www.goodmood.it\/"},{"@type":"ListItem","position":2,"name":"Shop","item":"https:\/\/www.goodmood.it\/shop\/"},{"@type":"ListItem","position":3,"name":"L&#8217;Aquila e la Spada. Parte 1 &#8211; L&#8217;Inizio della Fine"}]},{"@type":"WebSite","@id":"https:\/\/www.goodmood.it\/#website","url":"https:\/\/www.goodmood.it\/","name":"GOODmood","description":"Digital Publishing","potentialAction":[{"@type":"SearchAction","target":{"@type":"EntryPoint","urlTemplate":"https:\/\/www.goodmood.it\/?s={search_term_string}"},"query-input":{"@type":"PropertyValueSpecification","valueRequired":true,"valueName":"search_term_string"}}],"inLanguage":"it-IT"}]}},"_links":{"self":[{"href":"https:\/\/www.goodmood.it\/api\/wp\/v2\/product\/5290","targetHints":{"allow":["GET"]}}],"collection":[{"href":"https:\/\/www.goodmood.it\/api\/wp\/v2\/product"}],"about":[{"href":"https:\/\/www.goodmood.it\/api\/wp\/v2\/types\/product"}],"replies":[{"embeddable":true,"href":"https:\/\/www.goodmood.it\/api\/wp\/v2\/comments?post=5290"}],"wp:featuredmedia":[{"embeddable":true,"href":"https:\/\/www.goodmood.it\/api\/wp\/v2\/media\/5288"}],"wp:attachment":[{"href":"https:\/\/www.goodmood.it\/api\/wp\/v2\/media?parent=5290"}],"wp:term":[{"taxonomy":"product_brand","embeddable":true,"href":"https:\/\/www.goodmood.it\/api\/wp\/v2\/product_brand?post=5290"},{"taxonomy":"product_cat","embeddable":true,"href":"https:\/\/www.goodmood.it\/api\/wp\/v2\/product_cat?post=5290"},{"taxonomy":"product_tag","embeddable":true,"href":"https:\/\/www.goodmood.it\/api\/wp\/v2\/product_tag?post=5290"}],"curies":[{"name":"wp","href":"https:\/\/api.w.org\/{rel}","templated":true}]}}

<p>378 dopo Cristo: sulla piana di Adrianopoli, in Tracia (non lontano dalle rive sud occidentali del Mar Nero), i barbari Goti infliggono ai Romani una terribile disfatta che &#8211; secondo la maggioranza degli storici &#8211; darà inizio alla fine dell&#8217;Impero Romano d&#8217;Occidente. Uno dei pochi sopravvissuti sarà il Dux Moesiae Secundae Magno Clemente Massimo, il protagonista di questo romanzo. L&#8217;Imperatore Graziano deciderà, allora, di comandarlo in Britannia come Governatore: qui, il nostro eroe incontrerà l&#8217;Arcidruido Taliesin e avrà i primi contatti con il &#8220;mondo sottile&#8221; dei Celti, con visioni, momenti misterici e con qualcosa di tanto stupefacente che un generale di Roma mai avrebbe pensato di affrontare. In questo Audiobook, la bellissima voce dell’autore di questo coinvolgente romanzo, legge la sua opera più conosciuta.</p>

<p>378 dopo Cristo: sulla piana di Adrianopoli, in Tracia (non lontano dalle rive sud occidentali del Mar Nero), i barbari Goti infliggono ai Romani una terribile disfatta che &#8211; secondo la maggioranza degli storici &#8211; darà inizio alla fine dell&#8217;Impero Romano d&#8217;Occidente.</p>

<!-- This site is optimized with the Yoast SEO plugin v27.3 - https://yoast.com/product/yoast-seo-wordpress/ -->
<title>L&#039;Aquila e la Spada. Parte 1 - L&#039;Inizio della Fine - GOODmood</title>
<meta name="robots" content="index, follow, max-snippet:-1, max-image-preview:large, max-video-preview:-1" />
<link rel="canonical" href="https://www.goodmood.it/prodotto/l-aquila-e-la-spada-parte-1-l-inizio-della-fine-2/" />
<meta property="og:locale" content="it_IT" />
<meta property="og:type" content="article" />
<meta property="og:title" content="L&#039;Aquila e la Spada. Parte 1 - L&#039;Inizio della Fine - GOODmood" />
<meta property="og:description" content="378 dopo Cristo: sulla piana di Adrianopoli, in Tracia (non lontano dalle rive sud occidentali del Mar Nero), i barbari Goti infliggono ai Romani una terribile disfatta che - secondo la maggioranza degli storici - darà inizio alla fine dell&#039;Impero Romano d&#039;Occidente." />
<meta property="og:url" content="https://www.goodmood.it/prodotto/l-aquila-e-la-spada-parte-1-l-inizio-della-fine-2/" />
<meta property="og:site_name" content="GOODmood" />
<meta property="article:publisher" content="https://www.facebook.com/GOODmood.editore/" />
<meta property="article:modified_time" content="2021-09-30T09:59:22+00:00" />
<meta property="og:image" content="https://static.goodmood.it/assets/uploads/2016/01/l_aquila_e_la_spada.jpg" />
	<meta property="og:image:width" content="2400" />
	<meta property="og:image:height" content="2400" />
	<meta property="og:image:type" content="image/jpeg" />
<meta name="twitter:card" content="summary_large_image" />
<meta name="twitter:site" content="@Gm_Audiolibri" />
<meta name="twitter:label1" content="Tempo di lettura stimato" />
	<meta name="twitter:data1" content="1 minuto" />
<script type="application/ld+json" class="yoast-schema-graph">{"@context":"https:\/\/schema.org","@graph":[{"@type":"WebPage","@id":"https:\/\/www.goodmood.it\/prodotto\/l-aquila-e-la-spada-parte-1-l-inizio-della-fine-2\/","url":"https:\/\/www.goodmood.it\/prodotto\/l-aquila-e-la-spada-parte-1-l-inizio-della-fine-2\/","name":"L'Aquila e la Spada. Parte 1 - L'Inizio della Fine - GOODmood","isPartOf":{"@id":"https:\/\/www.goodmood.it\/#website"},"primaryImageOfPage":{"@id":"https:\/\/www.goodmood.it\/prodotto\/l-aquila-e-la-spada-parte-1-l-inizio-della-fine-2\/#primaryimage"},"image":{"@id":"https:\/\/www.goodmood.it\/prodotto\/l-aquila-e-la-spada-parte-1-l-inizio-della-fine-2\/#primaryimage"},"thumbnailUrl":"https:\/\/static.goodmood.it\/assets\/uploads\/2016\/01\/l_aquila_e_la_spada.jpg","datePublished":"2016-01-27T13:37:43+00:00","dateModified":"2021-09-30T09:59:22+00:00","breadcrumb":{"@id":"https:\/\/www.goodmood.it\/prodotto\/l-aquila-e-la-spada-parte-1-l-inizio-della-fine-2\/#breadcrumb"},"inLanguage":"it-IT","potentialAction":[{"@type":"ReadAction","target":["https:\/\/www.goodmood.it\/prodotto\/l-aquila-e-la-spada-parte-1-l-inizio-della-fine-2\/"]}]},{"@type":"ImageObject","inLanguage":"it-IT","@id":"https:\/\/www.goodmood.it\/prodotto\/l-aquila-e-la-spada-parte-1-l-inizio-della-fine-2\/#primaryimage","url":"https:\/\/static.goodmood.it\/assets\/uploads\/2016\/01\/l_aquila_e_la_spada.jpg","contentUrl":"https:\/\/static.goodmood.it\/assets\/uploads\/2016\/01\/l_aquila_e_la_spada.jpg","width":2400,"height":2400,"caption":"L'Aquila e la Spada. Parte 1 - L'Inizio della Fine-0"},{"@type":"BreadcrumbList","@id":"https:\/\/www.goodmood.it\/prodotto\/l-aquila-e-la-spada-parte-1-l-inizio-della-fine-2\/#breadcrumb","itemListElement":[{"@type":"ListItem","position":1,"name":"Home","item":"https:\/\/www.goodmood.it\/"},{"@type":"ListItem","position":2,"name":"Shop","item":"https:\/\/www.goodmood.it\/shop\/"},{"@type":"ListItem","position":3,"name":"L&#8217;Aquila e la Spada. Parte 1 &#8211; L&#8217;Inizio della Fine"}]},{"@type":"WebSite","@id":"https:\/\/www.goodmood.it\/#website","url":"https:\/\/www.goodmood.it\/","name":"GOODmood","description":"Digital Publishing","potentialAction":[{"@type":"SearchAction","target":{"@type":"EntryPoint","urlTemplate":"https:\/\/www.goodmood.it\/?s={search_term_string}"},"query-input":{"@type":"PropertyValueSpecification","valueRequired":true,"valueName":"search_term_string"}}],"inLanguage":"it-IT"}]}</script>
<!-- / Yoast SEO plugin. -->

378 dopo Cristo: sulla piana di Adrianopoli, in Tracia (non lontano dalle rive sud occidentali del Mar Nero), i barbari Goti infliggono ai Romani una terribile disfatta che - secondo la maggioranza degli storici - darà inizio alla fine dell'Impero Romano d'Occidente.
